st common factor of 88 and c.
22
Suppose 8 = -z - z, -5*m + 4*z + 101 = 0. Let x = m + -12. Suppose o = l + 41, 7*o = 3*o + 3*l + 163. What is the highest common divisor of x and o?
5
Suppose -22 = d + 4*a, 0*d + 4*a = 2*d - 16. Let q be 2/(((-2)/16)/(7/d)). What is the highest common divisor of 28 and q?
28
Suppose 4*w + 187 = 1155. Let c be 6/(36/133) - (-1)/(-6). What is the greatest common divisor of w and c?
22
Suppose 0 = c + 121*c - 87108. What is the highest common factor of 595 and c?
119
Let y be (-2 + 0)/(11/(-55)). What is the greatest common divisor of 110 and y?
10
Suppose 3*m = -6, -2*o = o + 4*m + 29. Let y be o + (4 - 1) + 34. What is the greatest common factor of y and 90?
30
Let j(v) = 40*v - 40. Let k be j(6). Calculate the greatest common factor of 50 and k.
50
Let u = -399 - -529. What is the greatest common divisor of u and 10?
10
Let c = 140 - 135. Suppose 4*v - 144 = -2*a, -5*v + 134 = c*a - 41. Calculate the highest common factor of v and 148.
37
Let w(c) = -c**2 + 8*c + 4. Let n be w(9). Let r(s) = 4*s**2 + 13*s + 10. Let y be r(n). Suppose -5*h + y = -2*h. What is the highest common factor of 6 and h?
3
Let n be 2 + 100 + (-1 - 0). Suppose -2*w = -3*s - 36, 4*s = 5*w - n + 11. Calculate the highest common divisor of w and 36.
18
Let v be -3 + 9 + -6 - 9*-7. What is the greatest common factor of 168 and v?
21
Let r be 1 + 2 + -6 - 22. Let d = r + 10. Let z be (-12)/(-90) + (-838)/d. Calculate the highest common factor of 8 and z.
8
Let m = 21 + -13. Suppose 0*x + 419 = 4*x + p, -5*p = 25. Let w = -42 + x. Calculate the highest common factor of m and w.
8
Suppose d = -5*b - 0 - 5, -2*b = 3*d + 15. Let s be ((-12114)/(d + 2))/(-1). Let p be s/(-30) + 4/10. What is the highest common divisor of 27 and p?
27
Let y be (14 + -10 - -1)/(1/2). Let c = 2 + 1. Suppose -4*t + u = -82, -c*u - 3 = 5*t - 97. Calculate the highest common factor of t and y.
10
Suppose -3*l = -15, 0 = 2*x - 4*l + 1 + 7. Suppose x*m - 7*m + 64 = 0. Suppose 2*j + 2*j = m. Calculate the highest common divisor of 144 and j.
16
Let y(a) = -18*a + 14*a - 12*a**2 + 2*a**3 + 8 - 3*a**3 - a**2. Let i be y(-13). What is the greatest common divisor of 40 and i?
20
Suppose 0 = 13*h - 9*h + 12. Let d be (-2)/h + 2895/45. Calculate the greatest common factor of 26 and d.
13
Suppose 3*z + 9 + 0 = 0, 2*t - z = -7. Let o = t - 9. Let f be 30*1*(-21)/o. What is the highest common divisor of 5 and f?
5
Suppose 5*t - 4*o - 6 = 4*t, 3*t + o = 57. Let k = -623 - -911. What is the greatest common divisor of k and t?
18
Suppose -2*s - 467 + 237 = 0. Suppose -10 = -3*n + 479. Let z = s + n. Calculate the highest common factor of 6 and z.
6
Suppose 5*y = -j + 2*j + 1193, -5*y - j = -1187. Calculate the highest common divisor of y and 119.
119
Suppose 4*d = 3*s + 216 + 32, -186 = -3*d - 3*s. Calculate the greatest common factor of d and 2.
2
Let s = -96 - -116. What is the greatest common divisor of s and 380?
20
Suppose 69 + 11 = -4*p. Let n be (-8)/p - 36/(-10). Suppose n = -3*m + 5*m. What is the greatest common divisor of 16 and m?
2
Let a(p) = 6*p**3 + p**2 - p. Let r be a(1). Let o = -96 - -198. What is the greatest common divisor of r and o?
6
Let u(t) = -27*t + 388. Let w be u(12). Calculate the highest common divisor of 6 and w.
2
Suppose -4*m - 5*m - 414 = 0. Let c = m + 52. Calculate the greatest common factor of 66 and c.
6
Let q(g) = 185*g + 10 + g**3 + 10 - 195*g + 10*g**2. Let d be q(-11). Let z be 735/9 - 2/3. What is the greatest common divisor of z and d?
9
Suppose -n = -2*j + 44, 2*j = -35*n + 40*n + 28. Calculate the highest common divisor of j and 32.
8
Suppose 154 = -9*m + 23*m. Let q(w) = 5*w**2 - w + 2. Let r be q(3). Calculate the greatest common divisor of m and r.
11
Let u be 51/18 - ((-1)/(-6))/(-1). Let r(s) = -s + 1. Let j be r(-3). Calculate the highest common divisor of j and u.
1
Let z = 9 - 8. Suppose -2*u - z = -3*u, -15 = -4*d + u. Let s be (90/d)/((-12)/(-80)). Calculate the highest common factor of s and 30.
30
Let i = -477 - -482. Calculate the greatest common divisor of i and 11.
1
Let z = 662 - 648. What is the highest common divisor of z and 105?
7
Let j(c) = -c**2 + 2*c + 8. Let t be j(0). Let d = 31 - 15. Calculate the greatest common divisor of t and d.
8
Let y(d) = -d**3 + 5*d**2 + 6*d + 6. Let i be (-2)/(3/(-3*3)). Let s be y(i). Suppose -9*k + 9 + 18 = 0. What is the greatest common divisor of k and s?
3
Suppose 4*t = 9 + 3. Let b = 5 - t. What is the greatest common divisor of 3 and b?
1
Let p be (18/6 - -136) + (11 - 6). What is the greatest common factor of p and 252?
36
Suppose -3*c - 9*c + 2376 = 0. Calculate the highest common factor of 306 and c.
18
Let s(t) = -4*t - 47. Let h be s(-23). Suppose 5*r - 2*g - 84 = 0, -2*r + r = -g - 15. Calculate the greatest common divisor of h and r.
9
Let s(n) = 9*n**2 - 27*n - 53. Let t(y) = 5*y**2 - 13*y - 27. Let b(u) = -4*s(u) + 7*t(u). Let i be b(18). What is the greatest common divisor of 5 and i?
5
Let h be ((-154)/(-10))/((-2)/(-10)). Let v = 127 - h. What is the highest common factor of 10 and v?
10
Suppose -2 = -4*w + 26. Suppose 6*a - 82 = a - 77*a. Calculate the highest common factor of w and a.
1
Suppose -2*i = -v - 152, 5*i + 5*v - 410 = -0*i. Let m(u) = -13*u. Let o be m(-3). Calculate the highest common factor of i and o.
39
Let l be (2/(-4))/(9/(-612)). Let c = l - 10. What is the highest common divisor of c and 48?
24
Let o = 6 + -1. Let z = 7 - o. Let h(k) = -2*k**3 - 11*k**2 - 9*k - 16. Let m be h(-5). What is the greatest common divisor of m and z?
2
Let b be 2 + -1 + 6 + -3. Let w be b/(-3) + 64/12. Suppose w*f = f + 75. Calculate the highest common factor of 75 and f.
25
Suppose n + 11 = s, -4*n + 9 = 5*s + 35. Let u(m) = -6*m - 29. Let r be u(n). Calculate the highest common divisor of 50 and r.
25
Suppose 87*l - 156 = 83*l. Calculate the greatest common factor of 26 and l.
13
Let i be ((7 - 5) + -6)*-4. Calculate the highest common divisor of i and 40.
8
Let q be (7 + 21/(-9))*81. Calculate the greatest common divisor of 108 and q.
54
Let r = -282 - -285. Suppose 2*k = -k - 15. Let y = -3 - k. Calculate the highest common factor of r and y.
1
Let a = 2592 - 2267. Calculate the greatest common divisor of 390 and a.
65
Let d be ((-2686)/102)/((-2)/12). Calculate the highest common factor of d and 553.
79
Let j(l) be the second derivative of -13*l**2 + 5/3*l**3 - 7*l + 0. Let p be j(17). What is the highest common factor of p and 18?
18
Suppose -4*l = -2*a - 606, l - 611 = -3*l + a. What is the highest common divisor of 14 and l?
14
Let s(k) = 223*k**2 - 32*k - 83. Let w be s(-3). Calculate the highest common divisor of 20 and w.
20
Suppose 18 + 2 = 2*s. Let j = 14 - 10. Suppose -j*d + 6*d = 160. Calculate the highest common factor of s and d.
10
Suppose 3*z - 301 + 70 = 0. Let p = -13 + 24. What is the greatest common factor of p and z?
11
Let k(g) = -g**3 + 7*g**2 - 5*g - 23. Let h be k(4). Let t = 1 + 0. Calculate the greatest common divisor of h and t.
1
Let w(z) = z**2 - 7*z - 27. Let b be w(-5). What is the highest common factor of b and 3?
3
Suppose 18 - 54 = -o. Suppose 3*b = z - 27, z = -4*z + 2*b + 70. What is the greatest common factor of z and o?
12
Let z = -24 - -28. Let j be 14 + (3 - 5) - -4. What is the highest common factor of z and j?
4
Let r = -40 + 44. Suppose -x - r*v = -v - 8, -4*v = -x + 43. Calculate the greatest common divisor of 115 and x.
23
Let s be 198/264 + 154/8. Calculate the greatest common divisor of s and 4.
4
Suppose 0 = -q - 3*d, -5*q + 3*d = -9*q. Suppose -5*r + 3 = -12. Suppose -2*j - r*j + 45 = q. What is the highest common factor of j and 81?
9
Let q(c) = -5 + 7*c**2 - 17 - c**2 - 3*c**2 + 51*c. Let x be q(-22). Calculate the highest common divisor of 28 and x.
28
Let r = -41 - -3. Let n = r + 54. What is the highest common divisor of n and 4?
4
Let l(j) = -j**2 + 9*j + 54. Let o be l(13). Suppose 3*d = -o*d + 200. Calculate the highest common factor of 60 and d.
20
Suppose -h + 3*r + 104 = 4*h, -18 = -h + 2*r. Let n = -1342 + 1584. What is the highest common divisor of n and h?
22
Suppose -2*f - 2*v = 4 - 2, 5*f - v = 19. Let q = f - -17. What is the highest common factor of q and 100?
20
Suppose 4*r = 66 + 670. Let s(j)